 are the prime factors of 55426755?
3, 5, 67, 131, 421
List the prime factors of 27463560.
2, 3, 5, 79, 2897
List the prime factors of 31393447.
31393447
What are the prime factors of 155660721?
3, 17, 593, 5147
What are the prime factors of 107368282?
2, 7, 7669163
What are the prime factors of 234555661?
79, 2969059
What are the prime factors of 5368779?
3, 13, 45887
List the prime factors of 77800375.
5, 23, 27061
What are the prime factors of 200051169?
3, 66683723
What are the prime factors of 4706212276?
2, 1176553069
List the prime factors of 1377586161.
3, 7, 21866447
List the prime factors of 363868703.
11, 941, 35153
What are the prime factors of 34437679?
34437679
List the prime factors of 65064481.
65064481
What are the prime factors of 3595441477?
211, 1327, 12841
List the prime factors of 178982613.
3, 17, 68813
What are the prime factors of 66644298?
2, 3, 7, 383, 1381
What are the prime factors of 99196105?
5, 17, 1167013
List the prime factors of 445371898.
2, 43, 5178743
What are the prime factors of 1527979847?
3643, 419429
List the prime factors of 819111160.
2, 5, 7, 59, 179, 277
What are the prime factors of 1244557176?
2, 3, 337, 153877
List the prime factors of 30475808.
2, 11, 86579
What are the prime factors of 103970231?
3251, 31981
What are the prime factors of 65736581?
67, 83, 11821
List the prime factors of 29208693.
3, 9736231
List the prime factors of 1533236185.
5, 13, 137, 167, 1031
What are the prime factors of 849623292?
2, 3, 7, 557, 6053
What are the prime factors of 2033422674?
2, 3, 19, 349, 51109
List the prime factors of 1647175579.
7, 235310797
List the prime factors of 2771471471.
293, 349, 27103
What are the prime factors of 113989723?
263, 433421
What are the prime factors of 37457695?
5, 11, 681049
What are the prime factors of 788186267?
11, 53, 1351949
What are the prime factors of 438418907?
18397, 23831
What are the prime factors of 627830002?
2, 5897, 53233
What are the prime factors of 98536761?
3, 23, 476023
What are the prime factors of 145617150?
2, 3, 5, 7, 138683
What are the prime factors of 6014010000?
2, 3, 5, 200467
What are the prime factors of 183098811?
3, 7, 907, 9613
What are the prime factors of 872211757?
872211757
What are the prime factors of 272971728?
2, 3, 23, 83, 331
List the prime factors of 610472686.
2, 17, 17955079
List the prime factors of 89816651.
179, 501769
What are the prime factors of 100177125?
3, 5, 267139
What are the prime factors of 178983636?
2, 3, 13, 1147331
What are the prime factors of 219863380?
2, 5, 11, 17, 58787
What are the prime factors of 251661921?
3, 7, 11983901
List the prime factors of 115686246.
2, 3, 13, 114089
List the prime factors of 5790357944.
2, 7, 569, 181721
What are the prime factors of 159581394?
2, 3, 7, 157, 2689
List the prime factors of 71541808.
2, 13, 343951
What are the prime factors of 1347385439?
17, 457, 173431
List the prime factors of 338713018.
2, 7, 3163, 7649
List the prime factors of 281928155.
5, 56385631
List the prime factors of 268233578.
2, 101, 1327889
List the prime factors of 98193846.
2, 3, 1511, 10831
List the prime factors of 779541730.
2, 5, 11, 409, 17327
List the prime factors of 323287469.
3119, 103651
What are the prime factors of 280974290?
2, 5, 28097429
List the prime factors of 60532119.
3, 19, 31, 601
What are the prime factors of 1296648839?
1296648839
List the prime factors of 3853475.
5, 17, 9067
List the prime factors of 590857265.
5, 149, 863, 919
List the prime factors of 172908947.
172908947
What are the prime factors of 217588856?
2, 29, 937883
What are the prime factors of 243938601?
3, 47, 192229
List the prime factors of 1901261204.
2, 271, 1753931
List the prime factors of 14245350.
2, 3, 5, 7, 13567
List the prime factors of 84362903.
84362903
What are the prime factors of 295770327?
3, 98590109
List the prime factors of 844833210.
2, 3, 5, 13, 37, 127, 461
List the prime factors of 38335601.
38335601
What are the prime factors of 80541988?
2, 17, 19, 193
What are the prime factors of 108982602?
2, 3, 23, 67, 3929
List the prime factors of 1414310.
2, 5, 233, 607
What are the prime factors of 150810632?
2, 7, 23, 43, 389
List the prime factors of 180797967.
3, 7, 599, 1597
List the prime factors of 4772377915.
5, 19, 50235557
List the prime factors of 1302307578.
2, 3, 11, 13, 12973
What are the prime factors of 57433219?
19, 3022801
What are the prime factors of 5820330971?
7, 13, 19, 3366299
List the prime factors of 61738039.
11, 61, 92009
List the prime factors of 36959081.
41, 901441
List the prime factors of 58997448.
2, 3, 819409
List the prime factors of 153940447.
153940447
List the prime factors of 391612493.
17, 23036029
What are the prime factors of 192620134?
2, 7, 43, 319967
List the prime factors of 217395044.
2, 79, 127, 5417
What are the prime factors of 971105073?
3, 323701691
What are the prime factors of 51771756?
2, 3, 4314313
What are the prime factors of 132038798?
2, 29, 89, 25579
What are the prime factors of 2157241717?
2157241717
List the prime factors of 1471840783.
7, 1289, 3329
List the prime factors of 40104503.
947, 42349
What are the prime factors of 495950600?
2, 5, 191, 12983
What are the prime factors of 766048833?
3, 11, 23, 29, 1289
What are the prime factors of 95584600?
2, 5, 229, 2087
List the prime factors of 867523395.
3, 5, 61, 239, 3967
What are the prime factors of 466865620?
2, 5, 13, 43, 41759
List the prime factors of 1798384639.
449, 1229, 3259
List the prime factors of 208476604.
2, 7, 7445593
What are the prime factors of 71470943?
71, 1006633
List the prime factors of 121394385.
3, 5, 7, 385379
List the prime factors of 327744150.
2, 3, 5, 37, 59053
List the prime factors of 1870488091.
809, 2312099
List the prime factors of 69628492.
2, 17407123
List the prime factors of 3299577759.
3, 467, 785053
What are the prime factors of 162044795?
5, 11, 313, 9413
What are the prime factors of 2220315541?
467, 827, 5749
What are the prime factors of 462728832?
2, 3, 769, 1567
List the prime factors of 78553987.
6829, 11503
What are the prime factors of 75303228?
2, 3, 7, 11, 13, 6269
What are the prime factors of 939399224?
2, 107, 827, 1327
List the prime factors of 55899004.
2, 7, 285199
What are the prime factors of 123156077?
11, 1493, 7499
List the prime factors of 1183498199.
13, 293, 310711
What are the prime factors of 37470034?
2, 7, 317, 8443
List the prime factors of 480997041.
3, 7, 22904621
What are the prime factors of 2125343497?
23, 617, 149767
What are the prime factors of 320759997?
3, 106919999
List the prime factors of 1904435292.
2, 3, 1733, 91577
What are the prime factors of 66306063?
3, 151, 197, 743
What are the prime factors of 61008558?
2, 3, 13, 23, 31, 1097
What are the prime factors of 4593451?
17, 47, 5749
List the prime factors of 135354615.
3, 5, 11, 820331
What are the prime factors of 2406324302?
2, 1203162151
List the prime factors of 15052181.
15052181
What are the prime factors of 2244972?
2, 3, 187081
List the prime factors of 991650856.
2, 7, 17708051
What are the prime factors of 65095887?
3, 3137, 6917
List the prime factors of 56955754.
2, 1289, 22093
List the prime factors of 2160293963.
2160293963
What are the prime factors of 2080133659?
521, 1163, 3433
List the prime factors of 792019396.
2, 7, 28286407
List the prime factors of 1645768126.
2, 41, 20070343
List the prime factors of 3493917123.
3, 1164639041
What are the prime factors of 2079926761?
11, 17, 41, 67, 4049
What are the prime factors of 23857805?
5, 1009, 4729
What are the prime factors of 2231427331?
7, 2153, 148061
List the prime factors of 46533058.
2, 11, 13, 162703
What are the prime factors of 1232776970?
2, 5, 1319, 93463
What are the prime factors of 5540007402?
2, 3, 29, 10613041
What are the prime factors of 122270148?
2, 3, 7, 11, 13, 29
List the prime factors of 1002910393.
17, 29, 47, 43283
What are the prime factors of 91052508?
2, 3, 7587709
What are the prime factors of 49765746?
2, 3, 71, 197, 593
What are the prime factors of 3804233137?
29, 431, 304363
What are the prime factors of 2821988162?
2, 7, 3169, 63607
List the prime factors of 478438497.
3, 17, 113, 27673
List the prime factors of 36069958.
2